
0
What is the units digit of 6628?
8
What is the units digit of 3596?
6
What is the units digit of 55178?
8
What is the thousands digit of 21284?
1
What is the tens digit of 22990?
9
What is the tens digit of 5245?
4
What is the tens digit of 3819?
1
What is the thousands digit of 17289?
7
What is the tens digit of 8676?
7
What is the hundreds digit of 138?
1
What is the tens digit of 36673?
7
What is the units digit of 46683?
3
What is the units digit of 7170?
0
What is the thousands digit of 3529?
3
What is the units digit of 1741?
1
What is the hundreds digit of 1252?
2
What is the hundreds digit of 423?
4
What is the hundreds digit of 1110?
1
What is the hundreds digit of 327?
3
What is the tens digit of 401?
0
What is the units digit of 6311?
1
What is the hundreds digit of 1760?
7
What is the thousands digit of 4427?
4
What is the hundreds digit of 298?
2
What is the hundreds digit of 67688?
6
What is the hundred thousands digit of 109088?
1
What is the hundreds digit of 23415?
4
What is the hundreds digit of 17413?
4
What is the tens digit of 223?
2
What is the units digit of 9239?
9
What is the tens digit of 54190?
9
What is the units digit of 38986?
6
What is the units digit of 71349?
9
What is the tens digit of 1335?
3
What is the hundreds digit of 1771?
7
What is the ten thousands digit of 54678?
5
What is the units digit of 131417?
7
What is the hundreds digit of 6033?
0
What is the ten thousands digit of 21764?
2
What is the hundreds digit of 3724?
7
What is the units digit of 6036?
6
What is the tens digit of 854?
5
What is the hundreds digit of 2265?
2
What is the hundreds digit of 145929?
9
What is the tens digit of 51776?
7
What is the thousands digit of 3510?
3
What is the hundred thousands digit of 105368?
1
What is the units digit of 2007?
7
What is the thousands digit of 29025?
9
What is the hundreds digit of 554?
5
What is the hundred thousands digit of 109588?
1
What is the tens digit of 122027?
2
What is the hundreds digit of 6938?
9
What is the units digit of 465?
5
What is the ten thousands digit of 83877?
8
What is the hundreds digit of 7868?
8
What is the ten thousands digit of 56114?
5
What is the thousands digit of 1643?
1
What is the thousands digit of 1760?
1
What is the thousands digit of 10522?
0
What is the tens digit of 61559?
5
What is the thousands digit of 3254?
3
What is the tens digit of 83593?
9
What is the hundreds digit of 8681?
6
What is the hundreds digit of 4637?
6
What is the hundreds digit of 17374?
3
What is the hundreds digit of 24047?
0
What is the units digit of 20168?
8
What is the units digit of 4540?
0
What is the thousands digit of 5316?
5
What is the thousands digit of 1526?
1
What is the tens digit of 8574?
7
What is the hundreds digit of 474?
4
What is the thousands digit of 1181?
1
What is the units digit of 5035?
5
What is the thousands digit of 1472?
1
What is the thousands digit of 1634?
1
What is the ten thousands digit of 29516?
2
What is the units digit of 45?
5
What is the tens digit of 109?
0
What is the hundreds digit of 957?
9
What is the hundreds digit of 16171?
1
What is the tens digit of 3408?
0
What is the ten thousands digit of 38971?
3
What is the hundreds digit of 1508?
5
What is the thousands digit of 6580?
6
What is the units digit of 78811?
1
What is the ten thousands digit of 16738?
1
What is the thousands digit of 4215?
4
What is the thousands digit of 6636?
6
What is the units digit of 5630?
0
What is the units digit of 26038?
8
What is the hundreds digit of 51096?
0
What is the hundreds digit of 206?
2
What is the tens digit of 854?
5
What is the tens digit of 713?
1
What is the hundreds digit of 2570?
5
What is the thousands digit of 1381?
1
What is the tens digit of 20732?
3
What is the ten thousands digit of 18262?
1
What is the thousands digit of 2960?
2
What is the tens digit of 643?
4
What is the hundreds digit of 490?
4
What is the tens digit of 9655?
5
What is the tens digit of 72799?
9
What is the tens digit of 4883?
8
What is the thousands digit of 82476?
2
What is the hundreds digit of 1581?
5
What is the thousands digit of 1714?
1
What is the thousands digit of 27955?
7
What is the tens digit of 13018?
1
What is the ten thousands digit of 19523?
1
What is the units digit of 66070?
0
What is the tens digit of 2395?
9
What is the hundreds digit of 833?
8
What is the tens digit of 552?
5
What is the tens digit of 38329?
2
What is the ten thousands digit of 29145?
2
What is the hundreds digit of 8689?
6
What is the hundreds digit of 11060?
0
What is the units digit of 2474?
4
What is the ten thousands digit of 36932?
3
What is the tens digit of 729?
2
What is the thousands digit of 1410?
1
What is the hundred thousands digit of 125339?
1
What is the units digit of 7176?
6
What is the thousands digit of 15464?
5
What is the units digit of 31?
1
What is the thousands digit of 2839?
2
What is the tens digit of 11780?
8
What is the hundreds digit of 33889?
8
What is the tens digit of 1138?
3
What is the hundreds digit of 46040?
0
What is the units digit of 2773?
3
What is the hundreds digit of 65716?
7
What is the hundreds digit of 2901?
9
What is the units digit of 3?
3
What is the units digit of 1342?
2
What is the tens digit of 75048?
4
What is the hundreds digit of 4410?
4
What is the thousands digit of 7805?
7
What is the tens digit of 14495?
9
What is the tens digit of 163648?
4
What is the tens digit of 1598?
9
What is the hundreds digit of 39089?
0
What is the tens digit of 59188?
8
What is the thousands digit of 95092?
5
What is the units digit of 1288?
8
What is the hundreds digit of 1541?
5
What is the thousands digit of 2012?
2
What is the units digit of 1330?
0
What is the units digit of 36130?
0
What is the hundreds digit of 2283?
2
What is the hundreds digit of 45112?
1
What is the thousands digit of 10563?
0
What is the hundreds digit of 4113?
1
What is the thousands digit of 6081?
6
What is the thousands digit of 2946?
2
What is the units digit of 5?
5
What is the tens digit of 58?
5
What is the thousands digit of 3620?
3
What is the hundreds digit of 3219?
2
What is the hundreds digit of 1810?
8
What is the hundreds digit of 2554?
5
What is the thousands digit of 7270?
7
What is the tens digit of 838?
3
What is the tens digit of 469?
6
What is the thousands digit of 38569?
8
What is the thousands digit of 2013?
2
What is the hundreds digit of 13139?
1
What is the units digit of 647?
7
What is the ten thousands digit of 137873?
3
What is the hundreds digit of 3812?
8
What is the hundreds digit of 1544?
5
What is the units digit of 1104?
4
What is the hundreds digit of 8835?
8
What is the units digit of 1564?
4
What is the thousands digit of 1018?
1
What is the units digit of 586?
6
What is the ten thousands digit of 10853?
1
What is the hundreds digit of 382?
3
What is the tens digit of 579?
7
What is the hundreds digit of 806?
8
What is the units digit of 1769?
9
What is the tens digit of 2043?
4
What is the tens digit of 1120?
2
What is the thousands digit of 19873?
9
What is the ten thousands digit of 51674?
5
What is the units digit of 66420?
0
What is the thousands digit of 1094?
1
What is the hundreds digit of 1976?
9
What is the units digit of 1571?
1
What is the units digit of 306?
6
What is the units digit of 26992?
2
What is the hundreds digit of 72764?
7
What is the tens digit of 1512?
1
What is the units digit of 1141?
1
What is the units digit of 17921?
1
What is the hundreds digit of 2124?
1
What is the tens digit of 113218?
1
What is the tens digit of 669?
6
What is the thousands digit of 2261?
2
What is the units digit of 2559?
9
What is the units digit of 417?
7
What is the tens digit of 5068?
6
What is the hundreds digit of 29131?
1
What is the units digit of 15719?
9
What is the hundreds digit of 266?
2
What is the hundred thousands digit of 113136?
1
What is the hundreds digit of 6666?
6
What is the tens digit of 26?
2
What is the hundreds digit of 1978?
9
What is the tens digit of 4011?
1
What is the units digit of 836?
6
What is the hundreds digit of 2295?
2
What is the hundreds digit of 168873?
8
What is the hundreds digit of 21756?
7
What is the tens digit of 57848?
4
What is the units digit of 1207?
7
What is